3
Let y(l) = 12*l + 288. Let q be y(-8). Calculate the highest common factor of 30 and q.
6
Suppose 69*h = -17*h + 2580. Let o = 35 - 25. What is the highest common factor of o and h?
10
Let w = -180 - -297. Suppose 11*j + 52 = 15*j. Calculate the greatest common divisor of w and j.
13
Let f = -632 - -637. Suppose -f*g - 4*t + 236 = 0, 1 = g - 3*t - 31. Calculate the greatest common factor of g and 88.
44
Let h = -19798 + 19824. Let k = 5 - -21. What is the highest common factor of h and k?
26
Let k be 4 + (-3 + 11)/(2/12). Let h be k*((-15)/(-40) - (-2)/(-16)). What is the greatest common factor of 104 and h?
13
Suppose g + 12 = 5*g. Suppose 5*v = g*v + 96. Let i be 4 + 8/(-4) + (5 - 1). Calculate the highest common divisor of v and i.
6
Suppose 14*i - 14 + 196 = 0. Let p(c) = c + 81. Let n be p(i). What is the greatest common divisor of n and 34?
34
Let w be 173 + (1 + 2)*-1. Let m = -21 + 31. Calculate the highest common divisor of m and w.
10
Let m = 5 - -5. Let t(v) = -v**2 + 13*v - 21. Let y be t(m). Suppose -3*n + 72 + y = 0. What is the greatest common divisor of 18 and n?
9
Let t = 10709 + -10701. Let v(k) be the second derivative of -k**3/6 + 9*k**2 - k. Let h be v(t). What is the highest common factor of 10 and h?
10
Let r be (139/(0 - 1))/(-1). Suppose 4*p = 5*p - i - 41, r = 3*p + 5*i. Let a be 2152/25 + 4/(-50). What is the highest common divisor of a and p?
43
Let q(s) = -s**2 + 80*s - 21. Let i be q(10). Let l = i + -359. What is the highest common factor of l and 128?
64
Suppose 4*g - 3*y = 645, -36*g + 5*y = -34*g - 347. Calculate the greatest common divisor of g and 24.
12
Let w be (6 - -1)*(8 + 2). Let t(j) = 2*j**3 + 162*j**2 + 338*j + 1753. Let c be t(-79). What is the greatest common factor of w and c?
5
Suppose l - d - 9 = 0, -12*l - 3*d = -13*l + 15. Let f(g) = 4*g - 1. Let i be f(-2). Let h be (-44)/(-3) + l/i. What is the greatest common divisor of h and 70?
14
Let i(c) = -c**3 + 6*c**2 - 4*c + 9. Let d be i(6). Let g = 685 - d. Suppose g = -5*f + 15*f. Calculate the greatest common factor of f and 14.
14
Suppose z + 5*p + 11 = 4*z, z + 5*p = -3. Suppose 20 = z*w + 3*w. Suppose 60 = 5*k + 3*l, -w*l + l = 4*k - 51. Calculate the greatest common factor of 1 and k.
1
Let o(n) = -5*n**2 + 74*n - 20. Let g be (3/(54/24))/(8/66). Let a be o(g). What is the greatest common divisor of a and 7?
7
Let l(q) be the first derivative of 8*q**2 + 16*q + 5. Let h be l(-6). Let t = h - -132. What is the highest common factor of 26 and t?
26
Let s = 37 + -41. Let n be (-13 + s)/((-6)/36). Calculate the highest common factor of 6 and n.
6
Suppose -2*o = 0, 0 = -0*u + u - 4*o + 120. Let d = u + 186. What is the greatest common factor of 33 and d?
33
Suppose -4*c + 3*j + 389 = 0, -4*j - j - 205 = -2*c. Suppose -12*z + 17*z = 285. What is the highest common divisor of c and z?
19
Let t(d) = -4*d - 5. Let q be t(-4). Let r(m) = 168*m**3 + m**2 - 2*m. Let h be r(1). Suppose 9 + h = 16*n. What is the greatest common factor of q and n?
11
Let g be 260*(-169)/(-234) - (-2)/9. Let v be (-6)/4*(425/(-15) + -3). Calculate the greatest common divisor of v and g.
47
Suppose 193*u - 27*u + 38*u - 54264 = 0. Calculate the highest common factor of u and 152.
38
Let b(w) = w**3 + 7*w**2 - 3*w + 52. Let m be b(-8). Calculate the greatest common factor of 500 and m.
4
Let i be 7 - -2264 - (-5)/(10/6). Suppose 824 = -25*n + i. What is the greatest common divisor of n and 203?
29
Suppose g = 3*g - 5*g. Suppose -7*u - 15*u + 924 = g. What is the greatest common divisor of 105 and u?
21
Let a be (-18)/(3 + 3)*-1. Suppose -480 = -4*b + a*r, -2*r - 170 = 5*b - 770. Calculate the greatest common factor of 48 and b.
24
Let o = 35 + -18. Suppose 10*b - 2*z = 9*b + 130, 3*b - z - 405 = 0. Suppose b = 33*t - 29*t. What is the highest common factor of o and t?
17
Let p = 3574 - 3514. What is the greatest common factor of 50 and p?
10
Let l = -46 + 94. Let v(i) = -i + 10. Let c be v(6). Suppose -2*t = -0*t - 10, 5*n - 40 = c*t. What is the greatest common divisor of l and n?
12
Let t(j) = j**3 - 20*j**2 + 36*j - 305. Let r be t(19). Calculate the highest common factor of 14778 and r.
18
Suppose -13*w + 4*t + 318 = 0, 296*t = 301*t + 40. Calculate the greatest common divisor of w and 20218.
22
Let p be (-140 - (-112)/(-7))*((-680)/6)/5. What is the highest common divisor of 3328 and p?
208
Let k be (41 - (-3 + 2))*((-6084)/(-7))/13. Calculate the greatest common divisor of 65 and k.
13
Let j = -19061 + 19082. Let s be 1 + (-8 - 2/(-1)). Let f = 8 + s. What is the highest common divisor of j and f?
3
Let g(k) = 5*k**2 - 8*k - 11. Suppose 14*b + 23*b = 111. Let u be g(b). Calculate the highest common divisor of 60 and u.
10
Let j = -4186 + 6394. Calculate the greatest common divisor of 23 and j.
23
Let p = 492 - 252. Let m = -7389 + 7409. Calculate the highest common divisor of p and m.
20
Let c = 5395 - 5389. Calculate the highest common factor of 5298 and c.
6
Let v(f) = -8*f**3 + f**2 + 25*f + 47. Let n be v(-2). What is the greatest common divisor of 3380 and n?
65
Suppose 0 = t + 1 - 0. Let b(p) = 0 + 2 + 14*p - 13*p + 13*p**2 + p**2. Let d be b(t). What is the greatest common divisor of d and 10?
5
Let b(a) = -a**3 + 14*a**2 - 23*a + 15. Suppose 27 = -6*y + 99. Let c be b(y). What is the greatest common divisor of c and 33?
3
Let f = 5676 - 312. Calculate the greatest common divisor of 45 and f.
9
Let m be (2 + 24/(-14))/((-21)/(-147)). Let o be (16630/35)/m - 9/(-21). Calculate the highest common divisor of o and 34.
34
Suppose 16*d = 12*d + 408. Suppose -a - 3*c = -d, 11*a - 8*a - 298 = -c. Calculate the greatest common factor of 9 and a.
9
Let q(f) = 67*f + 626. Let u(x) = -34*x - 315. Let y(t) = 4*q(t) + 9*u(t). Let p be y(-10). Calculate the greatest common factor of 35 and p.
7
Let a(u) = -u**3 + 9*u**2 - 19*u + 59. Let s be a(7). Let r be ((-22)/(-4))/(-1*(-11)/176). Calculate the highest common factor of r and s.
8
Let i(v) = 5*v - 35. Let c be i(9). Let b be (-2)/5 + (-10659)/(-85). Calculate the highest common divisor of c and b.
5
Suppose -2*j + 187 = 15*j. Suppose 80 = j*k - 63. What is the highest common divisor of 325 and k?
13
Let f(c) = 4*c**2 - 6*c - 1. Let z(j) = 5*j + 32. Let i be z(-6). Let p be f(i). Let w be p/(2/(50/15)). What is the highest common factor of 20 and w?
5
Let q be ((-448)/6)/(187/(-1683)). Calculate the greatest common divisor of q and 189.
21
Let j = -36 - -236. Let m = 221 - j. Calculate the highest common divisor of 140 and m.
7
Let a(y) = y**2 + y - 6. Let k be a(4). Suppose 2*s - i = 253, -4*s + 528 - 27 = 3*i. What is the greatest common factor of s and k?
14
Let n(s) = -s**3 + 7*s**2 + 4*s - 28. Let w be n(7). Let m(o) = 16*o + 96. Let v be m(w). What is the highest common factor of v and 96?
96
Let y be 86/(-6)*-9 - 4. Suppose 55 = -5*q + y. What is the highest common factor of q and 182?
14
Let u be 1 + 47 - (-10 + 7). Let g = u - 48. Suppose 3*c + o - 304 = g, o + 203 = 2*c. What is the highest common divisor of 17 and c?
17
Let k(w) = -2*w + 12. Let r be k(4). Let y be -9 + (-2 - -4)/2. Let o be y/((0 + 2)*-1). Calculate the highest common divisor of r and o.
4
Suppose 0 = 69*n - 225*n + 1560. What is the greatest common factor of 295 and n?
5
Suppose -100*h + 12790 = 35*h + 1045. Calculate the highest common divisor of 16 and h.
1
Let h be (60/(-14))/((-10123)/2226 + (-36)/(-8)). Suppose 2*o - o - 60 = 0. What is the greatest common factor of o and h?
30
Suppose -3*a + r + 2146 = 0, 3*a + 2*r + 2147 = 6*a. Let j = -538 + 603. Calculate the greatest common factor of j and a.
65
Let d = 148 + -152. Let l be d/(-20) + 3*(-2922)/(-45). What is the greatest common factor of 78 and l?
39
Let b be ((-3)/2)/((-3)/4). Let l be (-4)/(3 + (4 - 6)). Let z be 1/(l/60*-3). Calculate the greatest common factor of z and b.
1
Let j(g) = 19*g**3 + 4*g**2 + g - 2. Let z be (-1)/(-7) + (-3)/((-21)/13). Let t be j(z). Calculate the greatest common factor of 280 and t.
56
Suppose 0*x + 3*x = 342. Let v = 493 - 341. What is the greatest common divisor of v and x?
38
Suppose 84*p - 260 = -83*p + 163*p. Let j = -7 - -12. What is the highest common divisor of p and j?
5
Suppose 0 = -43*q + 127*q - 2184. Calculate the highest common div